sands digit of q?
2
Suppose 10*s + 1 - 1 = 0. Suppose -l + 310 + 215 = s. Suppose -5*p + 170 + l = 0. What is the units digit of p?
9
Let i = -114 - -114. Let w be 1030 - (i + 2 + 2). Suppose 0 = 27*z - 33*z + w. What is the tens digit of z?
7
Suppose -1036*i = -997*i - 158459 - 869659. What is the tens digit of i?
6
Suppose -15*a + 54 = 3*a. Suppose -4*p + c + 167 = 0, a*p - 2*p + 2*c = 44. What is the units digit of p?
2
Let u(c) = 104*c - 64. Let z = -141 - -145. What is the units digit of u(z)?
2
Suppose 5*q - 239 = -844. Suppose 2*p = -4*n - 632, 278 = -3*n - 4*p - 201. Let u = q - n. What is the tens digit of u?
3
Suppose -63*h + 68900 = -24*h - 29*h. What is the tens digit of h?
9
Let q(p) = -249*p - 65. Let i = 349 - 356. What is the hundreds digit of q(i)?
6
Let d(a) = 44*a + 9. Let z(p) = -p**2 - 25*p - 27. Let h be z(-22). Suppose -6*f = 15 - h. What is the hundreds digit of d(f)?
1
Suppose -3*u = -9*u + 354. Let g = u - 52. Suppose 4 = -5*v + g*v. What is the units digit of v?
2
What is the thousands digit of (-1004)/(-6)*(51 - (-990)/30)?
4
Let t(d) = 2 + 11*d**2 - 5 - 15*d**2 - 4*d. Let h be t(-5). Let q = h + 134. What is the tens digit of q?
5
Suppose 0 = 4*c - 0*x - x + 267, 3*c - 5*x + 196 = 0. Let t = 26 - c. Let u = t - -51. What is the hundreds digit of u?
1
Suppose -3273 = -d + 73*f - 72*f, -3*d + 5*f = -9825. What is the units digit of d?
0
Suppose -5*h - 322 = -4*n, h + 76 = -0*h - 5*n. What is the tens digit of 6/((h/(-204))/11)?
0
Let n(z) = 697*z - 26. What is the hundreds digit of n(48)?
4
Suppose -12876*w + 16924 = -12874*w. What is the units digit of w?
2
Let f = 25 - 15. Let a = 0 + f. Suppose -a*l + 480 = -8*l. What is the units digit of l?
0
Suppose 0 = 288*l - 4886408 - 515032. What is the ten thousands digit of l?
1
Suppose 31*x - 21*x = -7190. Let n = x - -807. What is the tens digit of n?
8
Let l(u) = 2*u**2 + 17*u - 1. Let m(r) = -8*r**2 - 68*r + 5. Let x(f) = 9*l(f) + 2*m(f). Let j be x(-9). Suppose -48 = -j*o + 42. What is the units digit of o?
9
Suppose -92661 = -3*d - 3*p, d - 43471 = 3*p - 12560. What is the units digit of d?
3
Suppose -76432 = -2*n + 4*y - 5*y, -3*n = 2*y - 114648. What is the units digit of n/119 + 1*(-1)/7?
1
Let u(v) = -v**3 - 11*v**2 + v + 15. Let l be u(-11). Let d be (-1318)/l + (-27)/(-6) + -5. Let o = d + 522. What is the units digit of o?
2
Let k = 62 - 59. Suppose -5*x + 4*c = -14, 5*x + k*c - 4*c - 11 = 0. Suppose -z = x*y - 160, 0 = 2*z - 0*y + 3*y - 317. What is the units digit of z?
4
What is the thousands digit of (-1098795)/(-68) - (-15)/12?
6
Let g(d) be the third derivative of 0*d + 0 + 41/12*d**4 - 1/6*d**3 - 5*d**2. What is the units digit of g(1)?
1
Let s = 2461 + -2458. Suppose -3*f + r = -12 + 1, -3*f + 4*r + 17 = 0. Suppose -f*b + 261 + s = 0. What is the units digit of b?
8
Let d be 945/(-18)*(-72)/(-10). Let j = d - -862. What is the units digit of j?
4
Suppose 8*w + 109 = -131. Let q = w + 33. Suppose -5*u - k + 898 = q*k, -4*k = 4*u - 720. What is the units digit of u?
8
What is the ten thousands digit of (-2)/(77202/(-135079) + 72/126)?
1
Suppose -49*b + 2850 = -19*b. Let a = 499 - b. What is the tens digit of a?
0
Suppose -p + 418 = -4*x, -7*x + 3*x = 8. Suppose -3*j + 346 + 67 = 4*z, -4*z - 2*j = -p. What is the units digit of z?
1
What is the hundreds digit of 1/(9/402)*42?
8
Let d(p) = p**3 - 4*p - 4. Let l be d(2). What is the hundreds digit of 1*l - (2 + (-815)/1)?
8
Let p(m) = -4*m**2 + 5*m + 77. Let r(z) = -z**2 + z - 1. Let o(x) = -p(x) + 3*r(x). What is the hundreds digit of o(15)?
1
Suppose 2*y - 144 = f, 3*y - 144 = y - 3*f. Suppose -420 = y*z - 69*z. What is the units digit of (7/(z/(-16))*10)/2?
4
Suppose 2*l + 2*n - 52 = 0, 2*l + 4*n = 10 + 42. Let o be (-60)/(-9)*(-42)/(-4). Suppose r - l = o. What is the units digit of r?
6
Let i = -216 - -214. What is the tens digit of 10*i/((-50)/15)*2?
1
Let a = -922 + 929. Let c(i) = -i**3 - 5*i**2 - 4*i - 2. Let j be c(-3). What is the tens digit of (10 - 2)/(((-28)/j)/a)?
1
Suppose 608 = 4*z + 4*m, -5*z + 441 = -5*m - 319. Let l = -51 + z. What is the units digit of l?
1
Let m = -2660 - -2744. What is the tens digit of m?
8
Let j(o) = 43*o**2 - 119*o + 65. What is the hundreds digit of j(-16)?
9
Suppose -c + 7910 = 6*c - 13090. What is the thousands digit of c?
3
Let n = -131 - -142. Suppose -46*o + 57085 = -n*o. What is the tens digit of o?
3
Let w(f) = 134*f - 86. Let r be w(28). Suppose 8*c - 2878 = r. What is the hundreds digit of c?
8
Let j be ((-10)/25)/((-1)/(-3665)). Let g = j + 2518. What is the units digit of g?
2
Let i(q) = -q**2 - 25*q - 4. Suppose -x + 57 = 5*r, 2*x + 47 = 3*x + 3*r. Let n = 11 - x. What is the tens digit of i(n)?
8
Let u(p) = -2*p**3 - 87. Let d be u(6). Let s = d + 583. What is the tens digit of s?
6
Suppose 4*l = 2*c + 54, 2*l + 3*c + 37 = 4*l. Suppose 182 + 126 = l*h. What is the units digit of h?
8
Let s(z) = z + 4. Let v be s(-3). Let r(d) = 0 + 8 + v + 7*d - 3. What is the tens digit of r(3)?
2
Suppose 4*q - 2*l + 3*l - 57 = 0, l = 4*q - 47. Suppose -q*d = -7*d - 462. Let s = 169 - d. What is the units digit of s?
2
Let n = 58 + -53. Suppose -w = n*w - 690. What is the tens digit of w?
1
Let i be 6 - 8*(-6 - 189/(-36)). Let x = -17 - -33. Suppose 0 = -i*r + x*r - 368. What is the tens digit of r?
9
Suppose 27*j = 22*j + 1125. Suppose 0 = i - 2*a - j - 70, -a = -2*i + 581. What is the units digit of i?
9
What is the units digit of -8 + (-403)/(-52) + ((-70162)/(-8) - 1)?
9
What is the thousands digit of ((2 + 76)/(-3))/((-204)/41718)?
5
Let w(v) = -3*v**3 - 2*v**2 + v + 2. Let r be w(-2). What is the tens digit of (-6)/24 + -4 + 4980/r?
0
Suppose 37823 + 11517 = -19*n + 39*n. What is the thousands digit of n?
2
Let o(h) = h**2 - h - 15. Let s be o(5). Suppose s*u = 29*u - 4296. What is the hundreds digit of u?
1
Suppose -9 = 2*a - m, 8*a - 6 = 6*a + 4*m. Let o(u) = u**3 + 13*u**2 + 21*u - 14. What is the tens digit of o(a)?
3
Let d(q) = 87*q**2 + 3*q + 1. Let n(z) = 2*z. Let b(h) = d(h) - 2*n(h). Suppose -u = 4*i, -3*i + 4*u + 0*u = 19. What is the tens digit of b(i)?
8
Suppose 62239 = 6*s + 1183. Suppose -9*a = 7*a - s. What is the tens digit of a?
3
Suppose -7*f = 15 - 71. Suppose 1028 = f*a - 4028. What is the hundreds digit of a?
6
Let g(s) = 16*s**2 - 51*s + 807. What is the tens digit of g(18)?
7
Let g(o) be the second derivative of 7*o**3 + 21*o**2/2 - 10*o. Let i be g(4). Suppose 3*v - 105 = i. What is the tens digit of v?
9
Let f(x) = -11*x + 6. Suppose 0 = -3*w + 2*w + 4. Suppose 2*o + w + 2 = 0. What is the units digit of f(o)?
9
Let z = 25853 - -4428. What is the hundreds digit of z?
2
Let m(x) = 3*x**3 + 33*x**2 + 56*x + 84. Let k(n) = 5*n**3 + 49*n**2 + 84*n + 125. Let s(o) = -5*k(o) + 8*m(o). What is the hundreds digit of s(17)?
1
Let h be 2/(-4) + ((-915)/(-6))/1. Let q = h - 73. What is the tens digit of q - 3*(3 + -2)?
7
Suppose 0 = 174*q - 182*q + 264. Suppose 30*u - q*u = -2766. What is the units digit of u?
2
Let p(l) = 1515*l**2 + 8*l - 3. What is the tens digit of p(-3)?
0
Let s(u) = 11*u + 6. Let k be s(-14). Let r = 818 + -447. Let b = k + r. What is the hundreds digit of b?
2
Suppose -t - 5*v - 2345 = 0, 0 = -t - 6*v + 4*v - 2330. What is the units digit of t/15*7/((-21)/9)?
4
Let n = -97 + 65. What is the hundreds digit of n/6*(-234)/(-24)*-2?
1
Suppose 4*i + 14 = 10*o - 5*o, 0 = 3*o - 5*i + 2. Let p(g) = 93*g + 36. What is the units digit of p(o)?
4
Let b(j) = 187*j + 121. Let u be b(4). Suppose -4*h - h = -d + u, 3*d - 2672 = 2*h. What is the hundreds digit of d?
8
Let n = 356 - 336. Let x(o) = -o**2 + 54*o - 44. What is the hundreds digit of x(n)?
6
Let g = 6 - 129. Let m(n) = -n**3 + 18*n**2 - 100*n + 1633. Let r be m(17). Let u = g + r. What is the units digit of u?
9
Suppose -m + 3*m + 7 = 5*u, -10 = -5*u + 5*m. What is the tens digit of ((-23)/((-1127)/(-420)))/(u/(-7))?
6
Let w be (69/12 + -6)*(-4)/(-1). What is the tens digit of 524/6 - (-4)/12*w?
8
Let v(r) = -r**2 - 21*r - 63. Let g be v(-4). Suppose 4*u - g*m - 1592 = 0, 0 = 2*u - 4*m - 360 - 436. What is the hundreds digit of u?
3
What is the thousands digit of 297/(-108) + (-112770)/(-24)?
4
Suppose 3*g - u - 975 - 14 = 0, 3*g - 4*u = 986. Suppose 3*l - g = -3*d, -5*d 